o = 27 + -19. Let j(p) = o*k(p) - 5*r(p). Give j(-6).
-6
Let g be 2 - ((-6790)/(-30) + (-1)/3). Let m = 223 + g. Let p(f) be the second derivative of 5*f**4/12 - f**3/6 + 3*f. Give p(m).
6
Let m be (-4)/2*((-363)/6)/11. Let f be m - ((-2 - -1) + 1 + 0). Suppose -f*w = -16*w + 45. Let o(s) = s**3 - 8*s**2 - 9*s + 3. Give o(w).
3
Let t(g) = -g**3 + 6*g**2 - 5*g - 2. Let w(a) = 5*a**2 + 3*a + 51. Let n be w(9). Suppose 487*y = n*y + 16. Give t(y).
10
Let c(o) = -4*o**2 - o**2 + 5*o + 6*o**2. Let h be (0 + 2)/(-1)*(-48)/(-32). Let j be (2/h)/((-68)/(-714)). What is c(j)?
14
Let r(t) = 7*t**3 - 2*t**2 - 4*t + 8. Let o(b) = 12*b**3 - 3*b**2 - 7*b + 16. Let s(x) = 3*o(x) - 5*r(x). Let d = 80 + -80. Give s(d).
8
Let f(p) = -26*p - 137. Let k be f(-6). Let d(j) = -11*j**2 - 4 + 7*j**2 + 11*j + 0*j + k + 5*j**2. Give d(-10).
5
Let f(h) = -30*h**2 - 4*h - 11. Let u(z) = -27*z**2 - 4*z - 10. Let b(j) = -5*f(j) + 6*u(j). What is b(-2)?
-45
Let u(b) be the first derivative of 2*b**2 + 33*b + 2969. Determine u(-11).
-11
Let x = -532 - -536. Let c(b) = 62*b**2 - 3 + b**3 - 34*b**2 - 5*b - 31*b**2. Calculate c(x).
-7
Let f(g) = g**2 + 7*g + 7. Let u(n) = -31*n - 37. Let k be u(-6). Let y = k - 157. Calculate f(y).
15
Let l be (-2)/8 + (-36)/(-16). Let g(s) = 9*s. Let t(k) = -61*k - 2. Let u(r) = 6*g(r) + t(r). Give u(l).
-16
Let q(v) = 469 - 13*v - 34*v**2 + 33*v**2 - 492. Give q(-2).
-1
Let b(g) = -g - 39. Suppose -21*z - 1188 = -120*z. Calculate b(z).
-51
Let y be (-6 - (-3)/3)*-1. Suppose 5*k = -5*n - 25, -y*n = 2*k + 15 + 7. Let p(u) = 2 + 0 + u**2 + u + 2*u. Calculate p(n).
6
Let t(z) be the first derivative of 0*z - 1/4*z**4 - 25 + 11/3*z**3 + 0*z**2. Let m = 20 + -9. What is t(m)?
0
Let u(b) = 0*b + 0*b - 2*b + 10 + 8. Let a(i) = 31*i**2 - 3*i + 7. Let n be a(0). Calculate u(n).
4
Let q(n) = 2*n**3 - 37*n**2 + 20*n - 30. Suppose 73*h = 78*h + 5*b - 120, -2*b = -5*h + 78. What is q(h)?
6
Let d(f) = f - 12. Let v(l) = l**3 + 20*l**2 - 13*l + 43. Let m be v(-21). Let h = m + 135. Give d(h).
-2
Let m(f) = 3*f**2 + 18*f + 6. Suppose -142*n - 23 = a - 145*n, 0 = -3*a + 2*n - 27. What is m(a)?
-9
Let q be (4*(-2)/(-8) - (-50 + 49))/(-2). Let i(o) = 4*o**3 - o**2 - 6*o**3 - o + o**3 + 4*o**3. What is i(q)?
-3
Let d(w) = w**3 + 13*w**2 + 20. Let u be d(-13). Suppose -3*k = 2*o - 8 + u, -4*k = 4*o + 20. Let h(s) = s**2 + 3*s. Determine h(o).
0
Let t be 2696/12*3/(-2). Let h = t - -340. Let i(a) = -2*a - 2. Calculate i(h).
-8
Let x(f) = -46*f + 3. Let t = -663 - -662. Give x(t).
49
Let k = 308 + -305. Let b(w) = -2*w**3 + 3*w**2 + 4*w + 9*w**k - 6*w**3 - w. Let p = -6 - -3. What is b(p)?
-9
Let f(k) = 12452*k**2 - 3 + 3*k - 4149*k**2 - k**3 - 4155*k**2 - 4149*k**2. Let d be (-1 - (-9)/15)*-5. Calculate f(d).
-9
Let c be (4 + (-18)/4)*(-18670 + -2). Let m(u) = 9336 + u - c. Determine m(-8).
-8
Let f(u) = 38*u + 45 + 23 - 44*u - 2. Give f(12).
-6
Let h(p) = p**3 + 7*p**2 + 20*p + 35. Let m be h(-4). Suppose -5*v - 14 = -3*s - 28, 5 = -4*v - m*s. Let d(w) = -14*w**2 + 2*w - 2. What is d(v)?
-14
Let a(m) = m**2 + 10*m + 7. Suppose x + 71 = -0*x + 4*c, 0 = 3*c - 9. Let o = x - -64. Suppose -24 = 5*n + 5*v + 11, -o*n + v = 35. Determine a(n).
-14
Let w(f) = f**2 - 9*f + 5. Let u(g) be the third derivative of -g**4/24 - 8*g**3/3 - 133*g**2. Let v be u(-25). What is w(v)?
5
Let n(w) be the second derivative of w**5/20 + 3*w**4/4 + 4*w**3/3 - 3*w**2 - 6*w - 435. Determine n(-6).
54
Let q(y) be the first derivative of 2*y**3/3 + 14*y**2 + 58*y + 10646. Give q(-11).
-8
Let a(r) = r**3 - 7*r**2 - r + 6. Suppose 29*n - 14 = 27*n - 4*t, 2*n = 3*t + 7. Determine a(n).
-49
Let s(p) = 6*p**2 + 7*p - 10. Suppose 3380 = 27*u + 3326. What is s(u)?
28
Let d(p) be the first derivative of p**3/3 - p**2/2 - 338. Suppose -2*s + 5*o = -s + 21, s - 19 = -3*o. Let a = s + -5. Determine d(a).
2
Let n = -57919 - -57919. Let x(u) = 3*u - 6. Let v(h) = 3*h - 5. Let m(s) = -5*v(s) + 4*x(s). What is m(n)?
1
Let j(c) = -c**3 - 2*c**2 + 2*c + 1. Let f(s) = -60*s - 239. Let b be f(-4). What is j(b)?
0
Let t(y) = -y**3 + 3*y**2 + 10*y - 7. Let n(h) = h**2 + 61*h - 1228. Let q be n(-77). What is t(q)?
17
Let t(q) = 26*q**2 + q + 38. Let n(x) = -10*x**2 - 11. Let h(c) = -7*n(c) - 2*t(c). Let o(i) = -i - 6. Let d be (-1)/3 - 40/6. Let k be o(d). Determine h(k).
17
Suppose 36 - 66 = 15*u. Let t(y) = -2*y - 10*y**2 - 5*y**3 - 1 - 17*y**2 - 11*y**2 + 36*y**2. Give t(u).
35
Let o(t) = t**3 + 7*t**2 - 2*t - 1. Let n be (156/(-351))/(2 - 68/36). What is o(n)?
55
Let g(f) = 2*f + 18. Suppose 0 = -r + 5*d + 7, 5*r - 2*d = 2*d + 14. Let o be (1*r)/((-5)/20). Calculate g(o).
2
Let x be (4/10)/(2/20). Let p(i) = -1 + 33512*i + 6 - 7 - 33511*i. Calculate p(x).
2
Let z(q) = 6*q**2 - 11*q - 8. Let t(l) = 7*l**2 - 12*l - 14. Let a(j) = -4*t(j) + 5*z(j). Calculate a(2).
10
Let b = 3 - 2. Let w(z) be the second derivative of -z**5/15 + z**3/6 - 71*z**2 + 121*z. Let p(j) be the first derivative of w(j). What is p(b)?
-3
Let f(j) be the third derivative of j**4/24 - 4*j**3/3 + 1533*j**2. Determine f(6).
-2
Let u(d) = 5 + 80 - 14 - 14 - 3*d + 4. What is u(24)?
-11
Let b(p) = 13*p**2 - 62*p + 15. Let z(g) = 8*g**2 - 41*g + 9. Let d(v) = -5*b(v) + 8*z(v). Give d(-19).
-22
Suppose 29*b - 171 = -200. Let q(x) = 9*x - 2. What is q(b)?
-11
Suppose 27*p - 38 = -227. Let a(u) = -2*u**3 - 14*u**2 + 7*u + 60. Let q be a(p). Let t(f) = -f**2 + 11*f - 2. Determine t(q).
-2
Suppose 0 = r - 2*v, 4*v = -5*r + r - 24. Let h(u) = -5*u - 3. Let t(l) = -6*l - 4. Let z(f) = r*t(f) + 5*h(f). Suppose -5*w + 12 = 7. Give z(w).
0
Let a(o) be the second derivative of -o**5/40 + 2*o**4/3 + 125*o**3/6 + 42*o + 1. Let m(x) be the second derivative of a(x). What is m(6)?
-2
Let n(c) = 3*c**3 - 5*c**2 + 3*c + 7. Let v(y) = y**3 + y - 1. Let x(q) = n(q) - 2*v(q). Let f be x(4). Let b(m) = -m**2 + 2*m. What is b(f)?
-15
Let x = -461 - -463. Suppose -7*v + 2*v + 15 = 0. Let m(d) = -3 + 0 - 6*d**2 + d**v + 4 + x*d + 2*d**2. Determine m(2).
-3
Let m(v) = 3*v - 33. Let j(z) = z**2 + 27*z - 76. Let o be j(-30). Give m(o).
9
Let z(j) = j**3 + 8*j**2 - 7*j + 2. Suppose 100 = -233*p + 253*p. Suppose 3*b = 4*q - 20 - 23, -p*b - 5*q - 25 = 0. Calculate z(b).
-16
Let x(s) be the third derivative of s**6/120 + 17*s**5/60 + 4*s**4/3 - 11*s**3/6 - 153*s**2 + 9. Calculate x(-15).
-41
Let f(s) = -2 - 4*s + 10*s**2 + 23*s + s**3 + 17 + 0 - 25*s. Determine f(-11).
-40
Let u(v) be the third derivative of 13*v**4/24 + 5*v**3 - 5*v**2 - 47. What is u(-2)?
4
Let i(p) be the second derivative of 5*p**3/6 + p**2 + 56*p + 8. Determine i(4).
22
Let z(d) be the second derivative of d**5/20 - d**3/3 + 2*d**2 - 49*d - 5. Give z(0).
4
Let s(y) = y**3 - 13*y**2 + 37*y + 5. Suppose -148*t + 563 + 192 = 163. Determine s(t).
9
Let c(h) = -24*h + 433. Let l be c(18). Let p(y) = -4 - 13 + l - y**2 + 18*y. Calculate p(16).
16
Let l(t) = 10*t - 58. Let i be l(6). Let m(w) = w - 2*w**i - 20*w + 3*w**2 + 2*w + 4 + 6*w. Determine m(12).
16
Suppose 3*a - 5*k - 20 - 6 = 0, -20 = 5*k. Let i(b) = 0*b**a + 7*b**2 + b**3 - 68*b + 143*b - 70*b - 4. Calculate i(-6).
2
Let p(q) = 2*q**2 - 63*q + 88. Let f(n) = 31*n**2 - 3*n + 2. Let r be f(1). What is p(r)?
-2
Let o(u) = -4*u. Suppose -32 = -4*b - b - 3*t, -3*b - t = -16. Let w be ((-3)/(-1) - 5) + 4. Suppose 1 = 3*a + 5*r - 8, 5*a + b = -w*r. Give o(a).
8
Let t(j) = -10*j + 8. Suppose 0*w - 2*w - 30 = -4*x, 0 = w - 5*x + 30. Let i(h) = 12*h - 9. Let z(y) = w*t(y) - 4*i(y). What is z(3)?
2
Let o(c) = -1 - c**2 + 2*c**2 + 2*c**2 + 1645*c + c**3 - 1648*c. Determine o(-4).
-5
Let b(l) = -l**3 - l**2 - l + 3. Let z be 288/54*(2 - (-50)/8). Let a be (z/(-55))/(2/(-5)). Let r = a + -2. What is b(r)?
3
Let d(b) = -4*b**2 - 32*b - 95. Let p(y) = -y**2 - y - 16. Let s(n) = -d(n) + 3*p(n). What is s(-27)?
-7
Let f(p) = 7*p**3 + 7*p**2 - 21*p + 33. Let t(b) = 12*b**3 + 15*b**2 - 40*b + 63. Let w(h) = 7*f(h) - 4*t(h). Give w(10).
9
Let b(k) be the second derivative of -k**4/3 - k**3/3 - 3*k**2 + k. Let q = -1167 - -1166. Let g(i) = -i**2 + i + 1. Let z(o) = q*b(o) + 5*g(o). Determine z(8).
3
Let v(s) = 398*s + 396*s + 8 - 1200*s + 394*s. Give v(2).
-16
Let y = 6055 + -6071. Let w(c) = 2*c + 25. Give w(y).
-7
Suppose 2*m - 3*g = -15 + 42, 4*m - 5*g = 49. Let a(s